 -2*c**2 - 36*c + 7. What is the remainder when h is divided by r(-17)?
38
Let n = -25 + 39. Suppose 0 = -2*w + 3*q + 19, -3*w = w + 2*q + 2. Suppose 4*m - 8 = 4*v, 0*m + 5 = 5*v - w*m. Calculate the remainder when n is divided by v.
2
Let y be 2/6*((-4)/4 - -13). Suppose 3*x - a + 5 = 0, -y*a - 10 + 30 = -5*x. Calculate the remainder when 34 is divided by 7 + (x + 1)*(-1 + -2).
2
Let x(u) = u**2 + 8*u + 6. Suppose 2*p + 3*q - 16 = 0, 33*q = -5*p + 32*q + 66. Calculate the remainder when x(-10) is divided by p.
12
Suppose 27 = 2*p + p. Let f(m) = -m**2 - 6*m - 14. Let d be f(-3). Calculate the remainder when 37 + -8 + (d - -2) is divided by p.
8
Let x = -13822 - -13863. Calculate the remainder when 5696 is divided by x.
38
Suppose 0*y - 5*y = h - 42, 4*h + 2*y = 132. Suppose 0 = -6*x + 296 - h. Suppose -41*j + 45*j = x. What is the remainder when 51 is divided by j?
7
Let o = 385 - 317. What is the remainder when 104 is divided by -2 + 1/(4/o)?
14
Let j be (79 - (2 + -1)) + 0. Suppose 3*s - j = w, -s + 3*w = 3*s - 109. What is the remainder when s is divided by 8?
1
Let q(a) = a**2 + 5*a + 41. Let o = -343 + 350. Calculate the remainder when q(o) is divided by 12.
5
Let i(f) = -f**3 - 14*f**2 - 4*f + 8. Calculate the remainder when 218 is divided by i(-14).
26
Suppose -171 = -3*y - 54. Calculate the remainder when (134 + 6 + 8)*(-2)/(-4) is divided by y.
35
Let n be 1 - (-1 - (-15496)/(-4)). Suppose -1395 = 3*g - n. What is the remainder when g is divided by 46?
45
Let p(i) = -i**3 - 58*i**2 - 63*i - 180. What is the remainder when 619 is divided by p(-57)?
133
Suppose -5*y = 3*q - 1501, -3*q - 3*y = -275 - 1228. Calculate the remainder when q is divided by 130.
112
Suppose -7*h + 4 = -6*h. Let y(n) = 0*n + h*n + 12 + n - 8 + n**2 - n**3. Calculate the remainder when y(-5) is divided by 26.
25
Let h be (2 - 2) + 2 + -1. Suppose 2 + h = g. Suppose g*a - 4*a + 4*k = 3, 2*a - 21 = -k. What is the remainder when 44 is divided by a?
8
Let o = -1787 + 1956. What is the remainder when 1000 is divided by o?
155
Let g = -21 + 58. Calculate the remainder when ((-2190)/24)/(50/(-80)) is divided by g.
35
Let t(j) = -j**3 - 19*j**2 + 64*j - 21. Suppose 0 = 304*y - 305*y - 22. What is the remainder when 158 is divided by t(y)?
20
Let v be ((-16)/(-7))/(32/336). Calculate the remainder when 94 is divided by v*(-6 + (-100)/(-16)).
4
Let n(s) = 2*s**2 + 24*s - 287. What is the remainder when 223 is divided by n(11)?
4
What is the remainder when ((-45128)/10)/((-4)/20)*(-124)/(-248) is divided by 27?
23
Let q be (-2)/6*-3*4/4. Let c be 6/(4/(q + 1)). Suppose -b = 3*y + 4*b - 437, 4*b = c*y - 482. What is the remainder when y is divided by 39?
37
Calculate the remainder when 13 + 55/((-165)/(-723)) is divided by 3/((-3)/(-35)) - -2.
32
Suppose 56286 = 4*j - 5*o, -16547 = -j + 3*o - 2479. What is the remainder when j is divided by 36?
34
Let v = 7812 - 3387. What is the remainder when v is divided by 29?
17
Suppose -427*q + 422*q + 5*d = -1115, 2*q - 5*d - 440 = 0. Let w = 27 + 6. What is the remainder when q is divided by w?
27
What is the remainder when (-3 - -39*16/72)/((-1)/(-51)) is divided by 126?
37
Suppose o + 3*b - 47 = -b, o = 4*b + 31. Calculate the remainder when 238 is divided by (-7539)/(-91) - -3*2/o.
72
Let b(x) = -16*x**3 + 2*x + 2. Calculate the remainder when 162 is divided by b(-1).
2
Suppose -3*l + l = -498. Let f = -243 + l. What is the remainder when 40 - (-3 + 0 + 2) is divided by f?
5
Calculate the remainder when 1257 is divided by 16744/1840 + (-1)/10.
6
Suppose -1686 = -3*j + 129. Calculate the remainder when j is divided by 157.
134
Let b(h) = -h**3 - h**2 - h + 1. Let v(y) = 4*y**3 - 5*y**2 + y - 6. Let i(n) = 2*b(n) + v(n). What is the remainder when 22 is divided by i(4)?
6
Let m = 2173 - 2154. Calculate the remainder when 181 is divided by m.
10
Let m(w) = 2*w**2 - w - 4. Let s be m(2). Suppose 186 = -16*v + 19*v. Calculate the remainder when v is divided by 18 - (4 + s/(-1)).
14
Suppose 3*s - 9 = -9. Suppose -3*w - 2*g = -1754, s = -2*w - w + g + 1769. Calculate the remainder when w is divided by 31.
30
Suppose 2*i = 2*z - 144, -2*i - 203 = -4*z + 95. Let d(q) = -q**3 - 3*q**2 - 3*q. Calculate the remainder when z is divided by d(-4).
21
Let r(t) be the first derivative of -t**4/4 - 4*t**3/3 + 21*t + 3. Let b = 348 + -353. Calculate the remainder when r(b) is divided by 10.
6
Let s(n) = -31*n - 2. Calculate the remainder when s(-2) is divided by (-5 - 539/(-42)) + -3 + 100/24.
6
Suppose 2592 + 725 = 13*c + 158. What is the remainder when c is divided by 129?
114
What is the remainder when 1410 is divided by (-34701)/(-344) + (-14)/144 + 32/144?
97
Let y(t) = -t**3 - 3*t**2 + 644. What is the remainder when y(0) is divided by 221?
202
Let m = -56377 + 8329. What is the remainder when m/(-189) - 2/9 is divided by 53?
42
Let n(b) be the second derivative of -b**3/3 + 45*b**2 - 100*b + 2. Calculate the remainder when n(6) is divided by 34.
10
Suppose 3*a = 152*t - 151*t - 4, -4*t - 4*a + 48 = 0. Calculate the remainder when 1095 is divided by t.
5
Suppose -i - 5*u = -364 - 72, 4*u = -3*i + 1407. What is the remainder when i is divided by 21?
19
Suppose -4*c = 7*g - 4*g - 609, -3*c = -4*g + 812. Let b = g + -44. Calculate the remainder when b is divided by 40.
39
Let f(x) = -965*x - 1449. What is the remainder when f(-2) is divided by 113?
29
Let r = 1031 - 326. Suppose -10*x + r = -555. Calculate the remainder when x is divided by 47.
32
Let t be (-5 - -9)/((-1)/(-2)). Let y = 5999 - 5977. What is the remainder when y is divided by t*1/(0 + 1)?
6
Let h = -1110 + 1190. Calculate the remainder when h is divided by 28.
24
Suppose -4*v = -2*m - 307 - 225, -v = -2*m - 139. What is the remainder when v is divided by 28?
19
Suppose -27*w = -1031 - 886. Calculate the remainder when w is divided by 42.
29
Suppose 43*s + 286 = 74*s - 241. Calculate the remainder when 215 is divided by s.
11
Suppose 0 + 1 = 4*v - 5*s, 0 = -5*s + 15. Suppose 5*t + 15 = 0, 5*i - 76 = v*i + t. What is the remainder when i is divided by 7?
3
Suppose p = t + 263, -15*p + 19*p = -3*t + 1059. Let h = -121 + p. Let k = -91 - -127. What is the remainder when h is divided by k?
35
Let d = 269 - -202. Suppose 10*f - d = 299. Calculate the remainder when (-2 + 1 - f)/(-1) is divided by 20.
18
Let m(u) = -u**3 - 5*u**2 + 5*u + 7. Let w = 16 - 7. Suppose -t + 14 = -w. What is the remainder when t is divided by m(-6)?
10
Let v(w) = 5*w - 49. Let d be v(12). Suppose -d*y = -7*y - 60. What is the remainder when 103 is divided by y?
13
Let i(n) = n**2 + 12*n - 674. What is the remainder when 339 is divided by i(24)?
149
Suppose 13*x = 14*x - 22. Suppose -p - 4*q = -18, -12*p + p + 5*q + 492 = 0. Calculate the remainder when p is divided by x.
20
Let v = -25 - -37. Suppose -4*l - v = -44. Let b(s) = -54*s**2 - 761*s - 39. Calculate the remainder when b(-14) is divided by l.
7
Calculate the remainder when 93/(-1209) - 2289/(-13) is divided by 55.
11
Let h(q) = 8*q**2 + 110*q + 337. Calculate the remainder when 468 is divided by h(-3).
73
Suppose 0 = 5*d + 2*z - 38949, -240*d = -238*d - 5*z - 15539. What is the remainder when d is divided by 44?
43
Let x = -95 + 108. Let r(u) = 3*u - 13. Let z be r(4). Let n = z - -34. What is the remainder when n is divided by x?
7
Let f be (8 + (-7 - -5))*26/3. Suppose 5*k + f = 4*p, -2*p + 18*k - 20*k + 44 = 0. What is the remainder when 64 is divided by p?
10
Suppose -5*y + 2*d = -3*d - 5, 4*y - 7 = d. Suppose 0 = -4*s + 5*h - 271, 0 = -y*h - 0 - 10. Let g = 95 + s. Calculate the remainder when 76 is divided by g.
13
Suppose 10*h - 7985 + 1623 = 6388. Calculate the remainder when h is divided by 61.
55
Let t(y) = -y**3 + 44*y**2 + 35*y + 12. Let x be t(45). Let l = 471 + x. Calculate the remainder when l is divided by 7.
5
Suppose -75 = -3*r + 2*l, 0 = -r - 4*l - 9 + 48. Calculate the remainder when r is divided by 7/(-28)*(-65 - 3).
10
Suppose -7*j + 16 = -12. What is the remainder when 1 + j + ((-258)/(-2))/3 is divided by 7?
6
Suppose 21*v - 2029 - 113 = 0. Calculate the remainder when 305 is divided by v.
101
Let r = 202 - 214. What is the remainder when ((-343)/(-14))/((-6)/r) is divided by 29?
20
Suppose 0 = -0*j - 6*j - 24. Let i be 